 3068.
236
Calculate the highest common factor of 440 and 189530.
110
Calculate the greatest common divisor of 49470 and 70890.
510
Calculate the highest common divisor of 95 and 159828.
19
Calculate the highest common factor of 20 and 128540.
20
Calculate the greatest common divisor of 336 and 5484.
12
What is the greatest common divisor of 1450 and 22910?
290
Calculate the highest common factor of 344 and 626338.
86
Calculate the greatest common divisor of 1480537 and 38.
19
What is the greatest common factor of 20 and 15790?
10
What is the greatest common divisor of 188 and 1004?
4
Calculate the highest common factor of 53040 and 4352.
272
Calculate the highest common divisor of 275385 and 187.
11
What is the highest common factor of 4736 and 111?
37
Calculate the highest common factor of 3797217 and 27.
9
What is the highest common divisor of 5453 and 11305?
133
What is the highest common factor of 146958 and 84?
42
What is the highest common factor of 16 and 29400?
8
Calculate the greatest common divisor of 1152 and 713856.
384
Calculate the highest common factor of 137 and 496351.
137
Calculate the highest common factor of 1001 and 140294.
77
What is the greatest common divisor of 5 and 3100?
5
Calculate the greatest common divisor of 175 and 59010.
35
What is the greatest common divisor of 14 and 864542?
14
What is the highest common divisor of 161098 and 63?
7
What is the highest common factor of 5265 and 29965?
65
Calculate the highest common divisor of 133211 and 13.
13
Calculate the greatest common factor of 6 and 391.
1
Calculate the highest common divisor of 15557 and 17543.
331
Calculate the highest common divisor of 1360 and 2316760.
680
What is the highest common factor of 952 and 752216?
136
What is the greatest common divisor of 1230 and 79130?
410
What is the highest common divisor of 5957 and 111?
37
Calculate the greatest common divisor of 12 and 860300.
4
Calculate the greatest common factor of 7925 and 181641.
317
What is the highest common divisor of 3773 and 10290?
343
Calculate the highest common factor of 113091 and 363.
33
What is the greatest common factor of 601344 and 87?
87
What is the highest common divisor of 506112 and 12?
12
Calculate the greatest common factor of 12 and 33708.
12
Calculate the greatest common factor of 172726 and 32.
2
What is the greatest common factor of 973713 and 273?
39
Calculate the greatest common divisor of 1310866 and 62.
62
What is the greatest common factor of 1040 and 139880?
520
Calculate the highest common factor of 30 and 99942.
6
Calculate the greatest common factor of 355 and 455.
5
Calculate the highest common factor of 1150 and 1000.
50
What is the highest common factor of 2450 and 1704220?
490
Calculate the highest common divisor of 238 and 4858.
14
Calculate the highest common factor of 365787 and 419.
419
Calculate the greatest common factor of 2421384 and 2272.
568
Calculate the greatest common factor of 60 and 849180.
60
Calculate the highest common factor of 126 and 33628.
14
Calculate the greatest common factor of 4370 and 73530.
190
Calculate the highest common factor of 4770 and 42.
6
What is the greatest common divisor of 39384 and 168?
24
What is the highest common factor of 1349 and 6517?
19
Calculate the highest common factor of 48 and 3316812.
12
What is the highest common factor of 351 and 16293771?
351
What is the greatest common divisor of 16 and 120556?
4
Calculate the highest common factor of 58 and 888850.
58
What is the highest common factor of 23313 and 114?
57
Calculate the greatest common factor of 1885 and 806.
13
Calculate the highest common divisor of 5321 and 187.
17
Calculate the highest common factor of 168 and 154980.
84
What is the highest common factor of 516 and 2652?
12
What is the greatest common factor of 3604979 and 147?
49
Calculate the highest common divisor of 339293 and 1927.
47
Calculate the greatest common divisor of 24 and 4048.
8
Calculate the highest common divisor of 66052 and 2450.
98
Calculate the highest common factor of 4521 and 15207.
411
What is the greatest common divisor of 396606 and 285?
57
What is the highest common divisor of 31 and 249829?
31
Calculate the greatest common divisor of 386025 and 75.
75
Calculate the greatest common divisor of 44677 and 129.
43
What is the highest common divisor of 1395 and 235?
5
Calculate the highest common divisor of 7440 and 1768.
8
What is the greatest common factor of 208 and 48100?
52
What is the greatest common divisor of 216 and 4068?
36
What is the highest common divisor of 154 and 726?
22
Calculate the greatest common factor of 1 and 29429.
1
Calculate the highest common factor of 5863 and 9581.
143
What is the greatest common divisor of 8203 and 4927?
13
Calculate the highest common divisor of 7953 and 33.
33
Calculate the greatest common divisor of 960 and 83840.
320
What is the greatest common divisor of 945 and 26271?
189
What is the highest common factor of 158732 and 7?
7
Calculate the greatest common factor of 462 and 123090.
66
What is the greatest common divisor of 588 and 3776?
4
What is the highest common factor of 78 and 9984?
78
What is the highest common divisor of 5456 and 135718?
682
What is the highest common factor of 18 and 29178?
18
What is the highest common divisor of 43029 and 252?
63
Calculate the greatest common divisor of 810 and 28512.
162
Calculate the greatest common divisor of 875193 and 363.
363
Calculate the highest common factor of 150 and 46700.
50
Calculate the greatest common divisor of 205 and 121565.
205
What is the greatest common divisor of 130472 and 1880?
376
What is the greatest common factor of 10811 and 19?
19
Calculate the highest common factor of 107998 and 44.
22
Calculate the greatest common divisor of 1470 and 54840.
30
What is the greatest common divisor of 349 and 110633?
349
Calculate the greatest common divisor of 50 and 28850.
50
What is the greatest common divisor of 1907 and 37733809?
1907
What is the highest common factor of 113118 and 1632?
102
Calculate the greatest common factor of 100 and 15230.
10
Calculate the highest common divisor of 9 and 2118903.
3
Calculate the highest common factor of 238 and 514892.
14
Calculate the greatest common factor of 336 and 270102.
42
Calculate the greatest common factor of 8075 and 9350.
425
Calculate the greatest common factor of 826075 and 382.
191
Calculate the greatest common divisor of 15966 and 306.
18
What is the greatest common divisor of 740 and 211455?
185
Calculate the greatest common factor of 1805 and 55.
5
Calculate the highest common factor of 971 and 4951129.
971
What is the highest common divisor of 946 and 20339?
473
What is the greatest common divisor of 293683 and 5863?
533
Calculate the greatest common factor of 652632 and 3447.
1149
Calculate the greatest common divisor of 90 and 55170.
90
Calculate the highest common divisor of 52 and 772694.
26
What is the greatest common divisor of 200 and 265900?
100
Calculate the highest common divisor of 9073 and 2795.
43
What is the highest common factor of 1764 and 47908?
28
What is the greatest common divisor of 20 and 56020?
20
What is the highest common factor of 998052 and 198?
66
What is the highest common divisor of 1081017 and 378?
63
What is the greatest common divisor of 288 and 5562?
18
What is the greatest common divisor of 136 and 705551?
17
What is the greatest common factor of 357 and 3519?
51
Calculate the greatest common factor of 3461689 and 1694.
847
What is the greatest common divisor of 197 and 10441?
197
Calculate the highest common divisor of 331497 and 9.
9
Calculate the highest common divisor of 441364 and 308.
308
Calculate the greatest common factor of 40 and 3974720.
40
What is the greatest common divisor of 40411 and 2737?
161
What is the greatest common divisor of 608675 and 4016?
251
What is the highest common factor of 178422 and 12576?
786
Calculate the greatest common divisor of 4792 and 12.
4
Calculate the greatest common factor of 2216371 and 409.
409
Calculate the greatest common factor of 408 and 92667.
51
What is the highest common divisor of 130 and 8445515?
65
What is the highest common divisor of 19222 and 14?
14
What is the highest common divisor of 510 and 755?
5
W